*p. Calculate the remainder when 30 is divided by q.
8
Suppose -44 = y - 3*y. What is the remainder when y is divided by 6?
4
Let n(v) = -2*v**3 - 4. Calculate the remainder when 71 is divided by n(-2).
11
Suppose 11 = -4*i + y + 61, 0 = 3*i - y - 37. Calculate the remainder when i is divided by (6/(-15))/((-2)/20).
1
Let p(q) = 11*q + 4. Calculate the remainder when p(4) is divided by 13.
9
Suppose 0*m + 40 = m. Let b(r) = r**3 - 8*r**2 - 9*r - 6. Let o be b(9). What is the remainder when m is divided by (63/6)/(o/(-8))?
12
Let p = 56 - -30. Let f = 92 - 63. What is the remainder when p is divided by f?
28
Let x(n) = n**2 + 2*n. Let v be x(-1). Let q(z) = z**2 - 1. Let g be q(v). Let p = 5 - g. What is the remainder when p is divided by 2?
1
Suppose 19 = 5*b - 26. What is the remainder when 34 is divided by b?
7
Let l(d) = d**3 - 7*d**2 + 8*d + 5. Calculate the remainder when l(6) is divided by 7.
3
Suppose -2*a - 114 = a. What is the remainder when -1 + -1 + 3 - a is divided by 10?
9
What is the remainder when 91 is divided by 23 - (6 - 1)/(-5)?
19
Let w = 18 + 4. Suppose -2*i - w = -68. Suppose i = 2*s + 5. What is the remainder when 26 is divided by s?
8
Let i(f) = 13*f**2 - 44*f + 25. Let s(z) = 3*z**2 - 11*z + 6. Let n(o) = 2*i(o) - 9*s(o). Calculate the remainder when 51 is divided by n(6).
25
Suppose 512 = 22*z - 14*z. Calculate the remainder when z is divided by 14.
8
Calculate the remainder when 29 + -2 + 4 - -3 is divided by 5.
4
Suppose -12 - 6 = t. Let m(z) = -z**3 - 18*z**2 - 6*z + 10. Calculate the remainder when m(t) is divided by 30.
28
Calculate the remainder when 50 is divided by 3/6*-8*54/(-8).
23
Suppose -5*h + 29 + 81 = 0. Let r = -6 + 9. Suppose -2*q - h = -r*f - f, 17 = 3*f - q. Calculate the remainder when 17 is divided by f.
5
Suppose 3*g - 14 + 5 = 0. What is the remainder when 37 is divided by (g/(-6))/((-3)/78)?
11
Suppose -4*f = l - 3*l - 10, -4*l + 2*f - 44 = 0. Let u = 27 + l. Calculate the remainder when u is divided by 9.
5
Suppose 0 = z - 2*z + 6. Let y be (-9)/z*(-2)/3. Suppose 5*h + y = 11. What is the remainder when h is divided by 1?
0
Let j(r) = 4*r + 5. Suppose 4*z - 30 = 10. What is the remainder when j(z) is divided by 12?
9
Suppose 1 + 19 = 5*w + 5*n, 0 = 5*n - 15. Suppose 5 = v + w. Suppose 4*x - x = -z, 0 = -v*x - 12. What is the remainder when 26 is divided by z?
8
Suppose -4*j + 7 = -x - 2*x, -x = 1. Let f = j + 1. Suppose -3*t + 90 = f*t. Calculate the remainder when 34 is divided by t.
16
Let a(j) = 10*j**2 - 2*j - 5. What is the remainder when a(-2) is divided by 21?
18
Suppose -3*w - 3*u - 59 = 2*w, 2*w + u + 23 = 0. Let a(l) = -l - 9. What is the remainder when 2 is divided by a(w)?
0
Suppose 2*q - 14 = 2*d, -4*q - 4*d + 0*d = -36. What is the remainder when 39 is divided by q?
7
Suppose 3*q = 5*q - 66. Suppose -20*g + 90 = -15*g. What is the remainder when q is divided by g?
15
Suppose 10 = -2*v + q, 0 = 3*v + v + 3*q. Let z be 4/((1 + v)*-1). Suppose -160 = -z*l - 2*l. Calculate the remainder when l is divided by 14.
12
Let q(c) = c**3 - c**2. Let t be q(2). Suppose -3*d - 2*i + 50 = 0, -1 = 3*i - t. Calculate the remainder when 78 is divided by d.
14
Let i(c) = c**2 - 3*c - 1. Let r be ((-5)/(-10))/((-1)/(-2)). Calculate the remainder when (1 + -5)*(-2)/r is divided by i(4).
2
Let y(x) = 5*x. Let l be y(1). What is the remainder when (-1 - -12) + (-10)/l is divided by 3?
0
Suppose 7*y = 3*y + 344. What is the remainder when y is divided by 15?
11
Suppose 0*r - 4 = 2*r. Let k(w) = 7*w**2 - w. Calculate the remainder when k(r) is divided by 11.
8
Let y be (10/(-15) - -3)*18. Let b = -22 - 3. Let s = y + b. Calculate the remainder when s is divided by 6.
5
Suppose -5*q + 5 = 0, 0 = -2*i - 5*q - 6 + 17. Calculate the remainder when 25 is divided by (-3)/(36/(-28))*i.
4
Suppose 6*u = 3*u + 81. What is the remainder when u is divided by 14?
13
Suppose 2*a + 4*f - 122 = 0, a - f = f + 69. What is the remainder when a is divided by 22?
21
Let s = -54 - -36. Calculate the remainder when s/(-7)*2*7 is divided by 19.
17
Let j(i) = i**3 - 3*i**2 + 2. Suppose 3 + 13 = 4*a. Suppose 4*f - 140 = 2*d, d - 9 = -5*f + 166. Calculate the remainder when f is divided by j(a).
17
Let d(c) = 9*c - 10. What is the remainder when d(3) is divided by 7?
3
Suppose 0 = p - 4*f - 42, 3*f = p - 0*f - 37. Let h = -9 - -13. Suppose h*t = 2*t + 86. Calculate the remainder when t is divided by p.
21
Suppose 3*u = 7*u - 100. Calculate the remainder when u is divided by 9.
7
Let o = -11 + 15. Suppose -o*y - 80 = -4*r, 0*r = 2*r + y - 31. Calculate the remainder when 50 is divided by r.
16
Suppose 0 = 3*p - 2 - 7. Suppose p*l = 39 + 6. Calculate the remainder when 27 is divided by l.
12
Suppose -367 - 510 = -4*u + 3*x, 4*x = 3*u - 649. What is the remainder when u is divided by 45?
43
Let c(v) = -v + 39. Let n(w) = -w**2 - 8*w - 5. What is the remainder when c(12) is divided by n(-5)?
7
Let t = 232 + -145. What is the remainder when t is divided by 44?
43
Suppose 2*t + 5*m = 6*t + 12, 5*t + m = -15. Let c(l) = l**3 + 2*l**2 - 2*l. Let v be c(t). Calculate the remainder when 3/((18/(-10))/v) is divided by 3.
2
Let j = 6 - 1. Let f(n) = n**3 - 4*n**2 - 2*n + 4. What is the remainder when 56 is divided by f(j)?
18
Suppose -64 = -3*f + 2*g, -g + 25 = f + 2*g. Let u = f - -7. Calculate the remainder when u is divided by 10.
9
Suppose 0 = -3*t - 10 + 58. Suppose u - 3*u = -t. Let i = -8 + 22. Calculate the remainder when i is divided by u.
6
Suppose -238 = -3*r + c, -3*c - 301 - 101 = -5*r. Let x = -40 + r. What is the remainder when x is divided by 50/4 - (-1 + 7/14)?
12
Suppose -2*y + 7*y - 30 = 0. Suppose -2*z = 4*v, -3*z + 10 = -0*z + v. What is the remainder when y is divided by z?
2
Suppose 4*x + 24 = 80. Calculate the remainder when 67 is divided by x.
11
Let c(d) be the second derivative of -5*d**3 - 5*d**2/2 + 7*d. Let n(x) = 6*x**2 + 2*x - 1. Calculate the remainder when c(-2) is divided by n(-2).
17
Let r(k) be the third derivative of -k**4/4 - 7*k**3/6 + 8*k**2. Calculate the remainder when r(-4) is divided by 10.
7
Let m(w) = w**3 - w**2 - w + 26. What is the remainder when (-450)/(-4)*(-34)/(-51) is divided by m(0)?
23
Let u = 44 - 35. What is the remainder when 42 is divided by u?
6
Let r = 62 + -23. Calculate the remainder when r is divided by 21.
18
Let w = 249 - 111. Suppose 4*j - j = 4*o + 116, -4*j - 3*o = -w. What is the remainder when 71 is divided by j?
35
Let m(a) = a**3 + 3*a**2 + 3*a + 3. Let k be m(-2). Let i(v) = 3*v**2 - v. What is the remainder when 5 + 4/(-5 + 3) is divided by i(k)?
1
Suppose -5*d - 2*j + 54 = -j, 0 = -5*d + 5*j + 60. Let q = -6 + d. Suppose 3*m = 10 + 14. Calculate the remainder when m is divided by q.
3
Let x be (-19)/3 - 4/(-12). Let i(f) = 7*f**2 + 3*f + 2. What is the remainder when i(-2) is divided by (26/4)/((-3)/x)?
11
Let k(y) = -y - 8. Let d be k(-11). Suppose 2*j + 3*l = 13, -d*l - 71 = -j - 3*j. What is the remainder when 55 is divided by j?
13
Let j(n) = 5*n**2 + 3*n - 4. Let f = -99 + 224. What is the remainder when f is divided by j(-3)?
29
Suppose 10 = k - 3*k. Let p = 1 - k. What is the remainder when 21 is divided by p?
3
Suppose -128 = -6*m + 52. Calculate the remainder when m is divided by 11.
8
Suppose 3*z = s - 3*s + 349, -4*z + 5*s = -427. What is the remainder when z is divided by 29?
26
What is the remainder when 93 is divided by -1 + (-3)/(1/(-25)*3)?
21
Let t = -22 - -16. Let m = 13 + t. What is the remainder when m is divided by 7*1 - (-3 + 6)?
3
Let q(i) = -i**2 + 3*i - 5*i - 2*i + i**3. Calculate the remainder when q(3) is divided by 3.
0
Let r be 1*(2 - 0/4). Let s(o) = 2*o**2 + o**2 - 2*o + 0*o - 2. Calculate the remainder when 16 is divided by s(r).
4
Let p = 73 + -41. Calculate the remainder when 95 is divided by p.
31
Let r(n) = -n**3 + 3*n**2 - 1. Let w = 4 - 2. Calculate the remainder when 4 is divided by r(w).
1
Suppose 24 = 18*k - 17*k. Calculate the remainder when 118 is divided by k.
22
Let a be 12/9*9/6. Suppose -3*y + 11 = a. Suppose 0*d - 3*j = -d + 29, 0 = 5*d + y*j - 55. What is the remainder when 27 is divided by d?
13
Suppose -23 = -5*b + 4*a, -a = 2*b - 9 - 8. Let s(q) = q**2 + 7*q - 5. What is the remainder when b is divided by s(-